{"id":9048,"date":"2023-03-09T12:54:22","date_gmt":"2023-03-09T12:54:22","guid":{"rendered":"https:\/\/tecnologia.vamtam.com\/?page_id=93"},"modified":"2024-03-08T17:50:50","modified_gmt":"2024-03-08T20:50:50","slug":"blog","status":"publish","type":"page","link":"https:\/\/www.ogasec.com\/index.php\/blog\/","title":{"rendered":"Blog"},"content":{"rendered":"\t\t<div data-elementor-type=\"wp-page\" data-elementor-id=\"9048\" class=\"elementor elementor-9048\" data-elementor-post-type=\"page\">\n\t\t\t\t\t\t<section class=\"elementor-section elementor-top-section elementor-element elementor-element-0b0c458 elementor-section-height-min-height elementor-section-boxed elementor-section-height-default elementor-section-items-middle\" data-id=\"0b0c458\" data-element_type=\"section\" data-e-type=\"section\" data-settings=\"{&quot;background_background&quot;:&quot;classic&quot;}\">\n\t\t\t\t\t\t<div class=\"elementor-container elementor-column-gap-default\">\n\t\t\t\t\t<div class=\"elementor-column elementor-col-100 elementor-top-column elementor-element elementor-element-4f4646f\" data-id=\"4f4646f\" data-element_type=\"column\" data-e-type=\"column\">\n\t\t\t<div class=\"elementor-widget-wrap elementor-element-populated\">\n\t\t\t\t\t\t<div class=\"elementor-element elementor-element-b28617e animated-slow elementor-invisible elementor-widget elementor-widget-heading\" data-id=\"b28617e\" data-element_type=\"widget\" data-e-type=\"widget\" data-settings=\"{&quot;_animation&quot;:&quot;fadeIn&quot;,&quot;_animation_tablet&quot;:&quot;none&quot;}\" data-widget_type=\"heading.default\">\n\t\t\t\t<div class=\"elementor-widget-container\">\n\t\t\t\t\t<h2 class=\"elementor-heading-title elementor-size-default\">Blog<\/h2>\t\t\t\t<\/div>\n\t\t\t\t<\/div>\n\t\t\t\t\t<\/div>\n\t\t<\/div>\n\t\t\t\t\t<\/div>\n\t\t<\/section>\n\t\t\t\t<section class=\"elementor-section elementor-top-section elementor-element elementor-element-46b242f elementor-section-boxed elementor-section-height-default elementor-section-height-default\" data-id=\"46b242f\" data-element_type=\"section\" data-e-type=\"section\">\n\t\t\t\t\t\t<div class=\"elementor-container elementor-column-gap-default\">\n\t\t\t\t\t<div class=\"elementor-column elementor-col-100 elementor-top-column elementor-element elementor-element-d8eccda\" data-id=\"d8eccda\" data-element_type=\"column\" data-e-type=\"column\">\n\t\t\t<div class=\"elementor-widget-wrap elementor-element-populated\">\n\t\t\t\t\t\t<div class=\"elementor-element elementor-element-ed7d10e animated-slow elementor-invisible elementor-widget elementor-widget-heading\" data-id=\"ed7d10e\" data-element_type=\"widget\" data-e-type=\"widget\" data-settings=\"{&quot;_animation&quot;:&quot;fadeIn&quot;,&quot;_animation_tablet&quot;:&quot;none&quot;}\" data-widget_type=\"heading.default\">\n\t\t\t\t<div class=\"elementor-widget-container\">\n\t\t\t\t\t<h2 class=\"elementor-heading-title elementor-size-default\">O Blog de Ciberseguran\u00e7a<\/h2>\t\t\t\t<\/div>\n\t\t\t\t<\/div>\n\t\t\t\t<div class=\"elementor-element elementor-element-d56525c animated-slow elementor-invisible elementor-widget elementor-widget-heading\" data-id=\"d56525c\" data-element_type=\"widget\" data-e-type=\"widget\" data-settings=\"{&quot;_animation&quot;:&quot;fadeIn&quot;,&quot;_animation_tablet&quot;:&quot;none&quot;,&quot;_animation_delay&quot;:300}\" data-widget_type=\"heading.default\">\n\t\t\t\t<div class=\"elementor-widget-container\">\n\t\t\t\t\t<p class=\"elementor-heading-title elementor-size-default\">Nosso blog oficial com curiosidades, fatos e sugest\u00f5es para inspirar voc\u00ea em sua jornada nesse mundo incr\u00edvel da CiberSeguran\u00e7a.<\/p>\t\t\t\t<\/div>\n\t\t\t\t<\/div>\n\t\t\t\t<div class=\"elementor-element elementor-element-5940b8c elementor-widget elementor-widget-spacer\" data-id=\"5940b8c\" data-element_type=\"widget\" data-e-type=\"widget\" data-widget_type=\"spacer.default\">\n\t\t\t\t<div class=\"elementor-widget-container\">\n\t\t\t\t\t\t\t<div class=\"elementor-spacer\">\n\t\t\t<div class=\"elementor-spacer-inner\"><\/div>\n\t\t<\/div>\n\t\t\t\t\t\t<\/div>\n\t\t\t\t<\/div>\n\t\t\t\t\t<\/div>\n\t\t<\/div>\n\t\t\t\t\t<\/div>\n\t\t<\/section>\n\t\t\t\t<section class=\"elementor-section elementor-top-section elementor-element elementor-element-d88de12 elementor-hidden-mobile elementor-section-content-middle elementor-section-boxed elementor-section-height-default elementor-section-height-default\" data-id=\"d88de12\" data-element_type=\"section\" data-e-type=\"section\" data-settings=\"{&quot;background_background&quot;:&quot;classic&quot;}\">\n\t\t\t\t\t\t<div class=\"elementor-container elementor-column-gap-no\">\n\t\t\t\t\t<div class=\"elementor-column elementor-col-100 elementor-top-column elementor-element elementor-element-f1f3ce2\" data-id=\"f1f3ce2\" data-element_type=\"column\" data-e-type=\"column\" data-settings=\"{&quot;background_background&quot;:&quot;classic&quot;}\">\n\t\t\t<div class=\"elementor-widget-wrap elementor-element-populated\">\n\t\t\t\t\t\t<div class=\"elementor-element elementor-element-0bc3f04 elementor-widget elementor-widget-spacer\" data-id=\"0bc3f04\" data-element_type=\"widget\" data-e-type=\"widget\" data-widget_type=\"spacer.default\">\n\t\t\t\t<div class=\"elementor-widget-container\">\n\t\t\t\t\t\t\t<div class=\"elementor-spacer\">\n\t\t\t<div class=\"elementor-spacer-inner\"><\/div>\n\t\t<\/div>\n\t\t\t\t\t\t<\/div>\n\t\t\t\t<\/div>\n\t\t\t\t<div class=\"elementor-element elementor-element-2fdfb65 elementor-widget elementor-widget-spacer\" data-id=\"2fdfb65\" data-element_type=\"widget\" data-e-type=\"widget\" data-widget_type=\"spacer.default\">\n\t\t\t\t<div class=\"elementor-widget-container\">\n\t\t\t\t\t\t\t<div class=\"elementor-spacer\">\n\t\t\t<div class=\"elementor-spacer-inner\"><\/div>\n\t\t<\/div>\n\t\t\t\t\t\t<\/div>\n\t\t\t\t<\/div>\n\t\t\t\t<div class=\"elementor-element elementor-element-f0b8eba elementor-widget__width-initial elementor-widget-tablet__width-inherit elementor-grid-3 elementor-grid-tablet-2 elementor-grid-mobile-1 elementor-posts--thumbnail-top elementor-card-shadow-yes elementor-posts__hover-gradient elementor-widget elementor-widget-posts\" data-id=\"f0b8eba\" data-element_type=\"widget\" data-e-type=\"widget\" data-settings=\"{&quot;cards_columns&quot;:&quot;3&quot;,&quot;cards_columns_tablet&quot;:&quot;2&quot;,&quot;cards_columns_mobile&quot;:&quot;1&quot;,&quot;cards_row_gap&quot;:{&quot;unit&quot;:&quot;px&quot;,&quot;size&quot;:35,&quot;sizes&quot;:[]},&quot;cards_row_gap_tablet&quot;:{&quot;unit&quot;:&quot;px&quot;,&quot;size&quot;:&quot;&quot;,&quot;sizes&quot;:[]},&quot;cards_row_gap_mobile&quot;:{&quot;unit&quot;:&quot;px&quot;,&quot;size&quot;:&quot;&quot;,&quot;sizes&quot;:[]}}\" data-widget_type=\"posts.cards\">\n\t\t\t\t<div class=\"elementor-widget-container\">\n\t\t\t\t\t\t\t<div class=\"elementor-posts-container elementor-posts elementor-posts--skin-cards elementor-grid\" role=\"list\">\n\t\t\t\t<article class=\"elementor-post elementor-grid-item post-991831 post type-post status-publish format-standard has-post-thumbnail hentry category-sem-categoria tag-cybersecurity tag-golpes tag-internet\" role=\"listitem\">\n\t\t\t<div class=\"elementor-post__card\">\n\t\t\t\t<a class=\"elementor-post__thumbnail__link\" href=\"https:\/\/www.ogasec.com\/index.php\/2024\/08\/08\/golpes-na-internet-midias-sociais-e-quebra-de-confianca-da-rede-qual-o-nosso-futuro\/\" tabindex=\"-1\" ><div class=\"elementor-post__thumbnail\"><img alt=\"\" fetchpriority=\"high\" decoding=\"async\" width=\"300\" height=\"200\" src=\"https:\/\/www.ogasec.com\/wp-content\/uploads\/2024\/08\/2024-06-14-golpe_pela_internet-300x200.jpeg\" class=\"attachment-medium size-medium wp-image-991834\" alt=\"\" srcset=\"https:\/\/www.ogasec.com\/wp-content\/uploads\/2024\/08\/2024-06-14-golpe_pela_internet-300x200.jpeg 300w, https:\/\/www.ogasec.com\/wp-content\/uploads\/2024\/08\/2024-06-14-golpe_pela_internet-768x512.jpeg 768w, https:\/\/www.ogasec.com\/wp-content\/uploads\/2024\/08\/2024-06-14-golpe_pela_internet.jpeg 1000w\" sizes=\"(max-width: 300px) 100vw, 300px\" \/><\/div><\/a>\n\t\t\t\t<div class=\"elementor-post__badge\">Sem categoria<\/div>\n\t\t\t\t<div class=\"elementor-post__text\">\n\t\t\t\t<h3 class=\"elementor-post__title\">\n\t\t\t<a href=\"https:\/\/www.ogasec.com\/index.php\/2024\/08\/08\/golpes-na-internet-midias-sociais-e-quebra-de-confianca-da-rede-qual-o-nosso-futuro\/\" >\n\t\t\t\tGolpes na Internet, M\u00eddias Sociais e quebra de confian\u00e7a da Rede, qual o nosso futuro?\t\t\t<\/a>\n\t\t<\/h3>\n\t\t\t\t<div class=\"elementor-post__excerpt\">\n\t\t\t<p>Todos n\u00f3s conhecemos algu\u00e9m que j\u00e1 caiu em algum golpe na Internet, o que representa uma parcela significativa dos usu\u00e1rios da rede. Mas por que isso acontece? Considerando apenas o Brasil, \u00e9 importante entender que o crime de estelionato, exceto quando aplicado a pessoas influentes na sociedade, em sua maioria n\u00e3o s\u00e3o sequer investigados e nos casos de condena\u00e7\u00e3o as puni\u00e7\u00f5es s\u00e3o brandas.<\/p>\n\t\t<\/div>\n\t\t\n\t\t<a class=\"elementor-post__read-more\" href=\"https:\/\/www.ogasec.com\/index.php\/2024\/08\/08\/golpes-na-internet-midias-sociais-e-quebra-de-confianca-da-rede-qual-o-nosso-futuro\/\" aria-label=\"Leia mais sobre Golpes na Internet, M\u00eddias Sociais e quebra de confian\u00e7a da Rede, qual o nosso futuro?\" tabindex=\"-1\" >\n\t\t\tLeia mais \u00bb\t\t<\/a>\n\n\t\t\t\t<\/div>\n\t\t\t\t<div class=\"elementor-post__meta-data\">\n\t\t\t\t\t<span class=\"elementor-post-date\">\n\t\t\t8 de agosto de 2024\t\t<\/span>\n\t\t\t\t<span class=\"elementor-post-avatar\">\n\t\t\tNenhum coment\u00e1rio\t\t<\/span>\n\t\t\t\t<\/div>\n\t\t\t\t\t<\/div>\n\t\t<\/article>\n\t\t\t\t<article class=\"elementor-post elementor-grid-item post-991819 post type-post status-publish format-standard has-post-thumbnail hentry category-sem-categoria\" role=\"listitem\">\n\t\t\t<div class=\"elementor-post__card\">\n\t\t\t\t<a class=\"elementor-post__thumbnail__link\" href=\"https:\/\/www.ogasec.com\/index.php\/2024\/06\/09\/a-internet-esta-morta-sera\/\" tabindex=\"-1\" ><div class=\"elementor-post__thumbnail\"><img alt=\"\" decoding=\"async\" width=\"294\" height=\"300\" src=\"https:\/\/www.ogasec.com\/wp-content\/uploads\/2024\/06\/2024-06-09-294x300.jpg\" class=\"attachment-medium size-medium wp-image-991822\" alt=\"\" srcset=\"https:\/\/www.ogasec.com\/wp-content\/uploads\/2024\/06\/2024-06-09-294x300.jpg 294w, https:\/\/www.ogasec.com\/wp-content\/uploads\/2024\/06\/2024-06-09.jpg 387w\" sizes=\"(max-width: 294px) 100vw, 294px\" \/><\/div><\/a>\n\t\t\t\t<div class=\"elementor-post__badge\">Sem categoria<\/div>\n\t\t\t\t<div class=\"elementor-post__text\">\n\t\t\t\t<h3 class=\"elementor-post__title\">\n\t\t\t<a href=\"https:\/\/www.ogasec.com\/index.php\/2024\/06\/09\/a-internet-esta-morta-sera\/\" >\n\t\t\t\tA Internet est\u00e1 morta. Ser\u00e1?\t\t\t<\/a>\n\t\t<\/h3>\n\t\t\t\t<div class=\"elementor-post__excerpt\">\n\t\t\t<p>Nos \u00faltimos meses, tenho observado discuss\u00f5es sobre a suposta \u201cmorte\u201d da Internet, tamb\u00e9m conhecida como a \u201cTeoria da Internet Morta\u201d. Embora contenha elementos conspirat\u00f3rios de domina\u00e7\u00e3o e medo, n\u00e3o pretendo explorar esses sentimentos aqui. O<\/p>\n\t\t<\/div>\n\t\t\n\t\t<a class=\"elementor-post__read-more\" href=\"https:\/\/www.ogasec.com\/index.php\/2024\/06\/09\/a-internet-esta-morta-sera\/\" aria-label=\"Leia mais sobre A Internet est\u00e1 morta. Ser\u00e1?\" tabindex=\"-1\" >\n\t\t\tLeia mais \u00bb\t\t<\/a>\n\n\t\t\t\t<\/div>\n\t\t\t\t<div class=\"elementor-post__meta-data\">\n\t\t\t\t\t<span class=\"elementor-post-date\">\n\t\t\t9 de junho de 2024\t\t<\/span>\n\t\t\t\t<span class=\"elementor-post-avatar\">\n\t\t\tNenhum coment\u00e1rio\t\t<\/span>\n\t\t\t\t<\/div>\n\t\t\t\t\t<\/div>\n\t\t<\/article>\n\t\t\t\t<article class=\"elementor-post elementor-grid-item post-991814 post type-post status-publish format-standard has-post-thumbnail hentry category-sem-categoria\" role=\"listitem\">\n\t\t\t<div class=\"elementor-post__card\">\n\t\t\t\t<a class=\"elementor-post__thumbnail__link\" href=\"https:\/\/www.ogasec.com\/index.php\/2024\/05\/11\/por-que-e-tao-complexo-se-proteger-de-ataques-ciberneticos\/\" tabindex=\"-1\" ><div class=\"elementor-post__thumbnail\"><img alt=\"\" decoding=\"async\" width=\"300\" height=\"146\" src=\"https:\/\/www.ogasec.com\/wp-content\/uploads\/2024\/05\/2024-05-07-capa-300x146.jpg\" class=\"attachment-medium size-medium wp-image-991802\" alt=\"\" srcset=\"https:\/\/www.ogasec.com\/wp-content\/uploads\/2024\/05\/2024-05-07-capa-300x146.jpg 300w, https:\/\/www.ogasec.com\/wp-content\/uploads\/2024\/05\/2024-05-07-capa-768x373.jpg 768w, https:\/\/www.ogasec.com\/wp-content\/uploads\/2024\/05\/2024-05-07-capa.jpg 778w\" sizes=\"(max-width: 300px) 100vw, 300px\" \/><\/div><\/a>\n\t\t\t\t<div class=\"elementor-post__badge\">Sem categoria<\/div>\n\t\t\t\t<div class=\"elementor-post__text\">\n\t\t\t\t<h3 class=\"elementor-post__title\">\n\t\t\t<a href=\"https:\/\/www.ogasec.com\/index.php\/2024\/05\/11\/por-que-e-tao-complexo-se-proteger-de-ataques-ciberneticos\/\" >\n\t\t\t\tPor que \u00e9 t\u00e3o complexo se proteger de ataques cibern\u00e9ticos?\t\t\t<\/a>\n\t\t<\/h3>\n\t\t\t\t<div class=\"elementor-post__excerpt\">\n\t\t\t<p>Para quem j\u00e1 est\u00e1 h\u00e1 mais de duas d\u00e9cadas no mercado de seguran\u00e7a da informa\u00e7\u00e3o, surge um sentimento de certa impot\u00eancia quando desafiado a executar projetos nessa \u00e1rea. H\u00e1 vinte anos, era poss\u00edvel afirmar com<\/p>\n\t\t<\/div>\n\t\t\n\t\t<a class=\"elementor-post__read-more\" href=\"https:\/\/www.ogasec.com\/index.php\/2024\/05\/11\/por-que-e-tao-complexo-se-proteger-de-ataques-ciberneticos\/\" aria-label=\"Leia mais sobre Por que \u00e9 t\u00e3o complexo se proteger de ataques cibern\u00e9ticos?\" tabindex=\"-1\" >\n\t\t\tLeia mais \u00bb\t\t<\/a>\n\n\t\t\t\t<\/div>\n\t\t\t\t<div class=\"elementor-post__meta-data\">\n\t\t\t\t\t<span class=\"elementor-post-date\">\n\t\t\t11 de maio de 2024\t\t<\/span>\n\t\t\t\t<span class=\"elementor-post-avatar\">\n\t\t\tNenhum coment\u00e1rio\t\t<\/span>\n\t\t\t\t<\/div>\n\t\t\t\t\t<\/div>\n\t\t<\/article>\n\t\t\t\t<article class=\"elementor-post elementor-grid-item post-991771 post type-post status-publish format-standard has-post-thumbnail hentry category-cyber-security tag-alerta tag-cybersecurity tag-fornecimento tag-global tag-problema tag-suprimentos\" role=\"listitem\">\n\t\t\t<div class=\"elementor-post__card\">\n\t\t\t\t<a class=\"elementor-post__thumbnail__link\" href=\"https:\/\/www.ogasec.com\/index.php\/2024\/04\/16\/em-cybersecurity-seu-parceiro-pode-ser-seu-maior-problema-ameacas-na-cadeia-de-suprimentos\/\" tabindex=\"-1\" ><div class=\"elementor-post__thumbnail\"><img alt=\"\" loading=\"lazy\" decoding=\"async\" width=\"300\" height=\"300\" src=\"https:\/\/www.ogasec.com\/wp-content\/uploads\/2024\/04\/Ogasec_RS_parceiro-300x300.png\" class=\"attachment-medium size-medium wp-image-991774\" alt=\"\" srcset=\"https:\/\/www.ogasec.com\/wp-content\/uploads\/2024\/04\/Ogasec_RS_parceiro-300x300.png 300w, https:\/\/www.ogasec.com\/wp-content\/uploads\/2024\/04\/Ogasec_RS_parceiro-1024x1024.png 1024w, https:\/\/www.ogasec.com\/wp-content\/uploads\/2024\/04\/Ogasec_RS_parceiro-150x150.png 150w, https:\/\/www.ogasec.com\/wp-content\/uploads\/2024\/04\/Ogasec_RS_parceiro-768x768.png 768w, https:\/\/www.ogasec.com\/wp-content\/uploads\/2024\/04\/Ogasec_RS_parceiro.png 1200w\" sizes=\"(max-width: 300px) 100vw, 300px\" \/><\/div><\/a>\n\t\t\t\t<div class=\"elementor-post__badge\">Cyber Security<\/div>\n\t\t\t\t<div class=\"elementor-post__text\">\n\t\t\t\t<h3 class=\"elementor-post__title\">\n\t\t\t<a href=\"https:\/\/www.ogasec.com\/index.php\/2024\/04\/16\/em-cybersecurity-seu-parceiro-pode-ser-seu-maior-problema-ameacas-na-cadeia-de-suprimentos\/\" >\n\t\t\t\tEm \u2018Cybersecurity\u2019, Seu Parceiro Pode Ser Seu Maior Problema: Amea\u00e7as na Cadeia\u00a0de\u00a0Suprimentos\t\t\t<\/a>\n\t\t<\/h3>\n\t\t\t\t<div class=\"elementor-post__excerpt\">\n\t\t\t<p>A seguran\u00e7a cibern\u00e9tica \u00e9 um campo onde as amea\u00e7as evoluem constantemente, e uma das \u00e1reas frequentemente subestimadas \u00e9 a da cadeia de fornecimento. Na atualidade, as empresas dependem cada vez mais de terceiros, criando uma<\/p>\n\t\t<\/div>\n\t\t\n\t\t<a class=\"elementor-post__read-more\" href=\"https:\/\/www.ogasec.com\/index.php\/2024\/04\/16\/em-cybersecurity-seu-parceiro-pode-ser-seu-maior-problema-ameacas-na-cadeia-de-suprimentos\/\" aria-label=\"Leia mais sobre Em \u2018Cybersecurity\u2019, Seu Parceiro Pode Ser Seu Maior Problema: Amea\u00e7as na Cadeia\u00a0de\u00a0Suprimentos\" tabindex=\"-1\" >\n\t\t\tLeia mais \u00bb\t\t<\/a>\n\n\t\t\t\t<\/div>\n\t\t\t\t<div class=\"elementor-post__meta-data\">\n\t\t\t\t\t<span class=\"elementor-post-date\">\n\t\t\t16 de abril de 2024\t\t<\/span>\n\t\t\t\t<span class=\"elementor-post-avatar\">\n\t\t\tNenhum coment\u00e1rio\t\t<\/span>\n\t\t\t\t<\/div>\n\t\t\t\t\t<\/div>\n\t\t<\/article>\n\t\t\t\t<article class=\"elementor-post elementor-grid-item post-991725 post type-post status-publish format-standard has-post-thumbnail hentry category-sem-categoria\" role=\"listitem\">\n\t\t\t<div class=\"elementor-post__card\">\n\t\t\t\t<a class=\"elementor-post__thumbnail__link\" href=\"https:\/\/www.ogasec.com\/index.php\/2024\/03\/08\/ciberseguranca-oportunidades-em-ascensao-para-jovens-profissionais-de-ti\/\" tabindex=\"-1\" ><div class=\"elementor-post__thumbnail\"><img alt=\"\" loading=\"lazy\" decoding=\"async\" width=\"300\" height=\"200\" src=\"https:\/\/www.ogasec.com\/wp-content\/uploads\/2024\/03\/colegas-de-trabalho-focados-usando-laptops-na-mesa-de-reuniao-1-300x200.jpg\" class=\"attachment-medium size-medium wp-image-991728\" alt=\"\" srcset=\"https:\/\/www.ogasec.com\/wp-content\/uploads\/2024\/03\/colegas-de-trabalho-focados-usando-laptops-na-mesa-de-reuniao-1-300x200.jpg 300w, https:\/\/www.ogasec.com\/wp-content\/uploads\/2024\/03\/colegas-de-trabalho-focados-usando-laptops-na-mesa-de-reuniao-1-1024x682.jpg 1024w, https:\/\/www.ogasec.com\/wp-content\/uploads\/2024\/03\/colegas-de-trabalho-focados-usando-laptops-na-mesa-de-reuniao-1-768x512.jpg 768w, https:\/\/www.ogasec.com\/wp-content\/uploads\/2024\/03\/colegas-de-trabalho-focados-usando-laptops-na-mesa-de-reuniao-1.jpg 1280w\" sizes=\"(max-width: 300px) 100vw, 300px\" \/><\/div><\/a>\n\t\t\t\t<div class=\"elementor-post__badge\">Sem categoria<\/div>\n\t\t\t\t<div class=\"elementor-post__text\">\n\t\t\t\t<h3 class=\"elementor-post__title\">\n\t\t\t<a href=\"https:\/\/www.ogasec.com\/index.php\/2024\/03\/08\/ciberseguranca-oportunidades-em-ascensao-para-jovens-profissionais-de-ti\/\" >\n\t\t\t\tCiberseguran\u00e7a: oportunidades em ascens\u00e3o para jovens profissionais de TI\t\t\t<\/a>\n\t\t<\/h3>\n\t\t\t\t<div class=\"elementor-post__excerpt\">\n\t\t\t<p>Com uma proje\u00e7\u00e3o de mais de 600 mil vagas at\u00e9 2030, a \u00e1rea de ciberseguran\u00e7a demanda m\u00e3o de obra qualificada, oferecendo sal\u00e1rios atrativos e amplas possibilidades de networking<\/p>\n\t\t<\/div>\n\t\t\n\t\t<a class=\"elementor-post__read-more\" href=\"https:\/\/www.ogasec.com\/index.php\/2024\/03\/08\/ciberseguranca-oportunidades-em-ascensao-para-jovens-profissionais-de-ti\/\" aria-label=\"Leia mais sobre Ciberseguran\u00e7a: oportunidades em ascens\u00e3o para jovens profissionais de TI\" tabindex=\"-1\" >\n\t\t\tLeia mais \u00bb\t\t<\/a>\n\n\t\t\t\t<\/div>\n\t\t\t\t<div class=\"elementor-post__meta-data\">\n\t\t\t\t\t<span class=\"elementor-post-date\">\n\t\t\t8 de mar\u00e7o de 2024\t\t<\/span>\n\t\t\t\t<span class=\"elementor-post-avatar\">\n\t\t\tNenhum coment\u00e1rio\t\t<\/span>\n\t\t\t\t<\/div>\n\t\t\t\t\t<\/div>\n\t\t<\/article>\n\t\t\t\t<article class=\"elementor-post elementor-grid-item post-991712 post type-post status-publish format-standard has-post-thumbnail hentry category-sem-categoria\" role=\"listitem\">\n\t\t\t<div class=\"elementor-post__card\">\n\t\t\t\t<a class=\"elementor-post__thumbnail__link\" href=\"https:\/\/www.ogasec.com\/index.php\/2024\/03\/08\/o-captcha-esta-mudando-e-a-culpa-e-da-ia\/\" tabindex=\"-1\" ><div class=\"elementor-post__thumbnail\"><img alt=\"\" loading=\"lazy\" decoding=\"async\" width=\"300\" height=\"298\" src=\"https:\/\/www.ogasec.com\/wp-content\/uploads\/2024\/03\/2024-002-300x298.png\" class=\"attachment-medium size-medium wp-image-991715\" alt=\"\" srcset=\"https:\/\/www.ogasec.com\/wp-content\/uploads\/2024\/03\/2024-002-300x298.png 300w, https:\/\/www.ogasec.com\/wp-content\/uploads\/2024\/03\/2024-002-150x150.png 150w, https:\/\/www.ogasec.com\/wp-content\/uploads\/2024\/03\/2024-002.png 331w\" sizes=\"(max-width: 300px) 100vw, 300px\" \/><\/div><\/a>\n\t\t\t\t<div class=\"elementor-post__badge\">Sem categoria<\/div>\n\t\t\t\t<div class=\"elementor-post__text\">\n\t\t\t\t<h3 class=\"elementor-post__title\">\n\t\t\t<a href=\"https:\/\/www.ogasec.com\/index.php\/2024\/03\/08\/o-captcha-esta-mudando-e-a-culpa-e-da-ia\/\" >\n\t\t\t\tO Captcha est\u00e1 mudando e a culpa \u00e9 da IA\t\t\t<\/a>\n\t\t<\/h3>\n\t\t\t\t<div class=\"elementor-post__excerpt\">\n\t\t\t<p>Um artigo(*) publicado no segundo semestre de 2023 revela que os ataques automatizados por intelig\u00eancia artificial (IA) a v\u00e1rios esquemas CAPTCHA obtiveram sucesso. Os pesquisadores recrutaram 1.400 participantes para testar sites que utilizavam quebra-cabe\u00e7as CAPTCHA, representando 120 dos 200 sites mais populares do mundo. A precis\u00e3o dos bots varia entre 85% e 100%, com a maioria superando os 96%. Isso ultrapassa significativamente a faixa de precis\u00e3o observada em seres humanos (que varia de 50% a 85%).<\/p>\n\t\t<\/div>\n\t\t\n\t\t<a class=\"elementor-post__read-more\" href=\"https:\/\/www.ogasec.com\/index.php\/2024\/03\/08\/o-captcha-esta-mudando-e-a-culpa-e-da-ia\/\" aria-label=\"Leia mais sobre O Captcha est\u00e1 mudando e a culpa \u00e9 da IA\" tabindex=\"-1\" >\n\t\t\tLeia mais \u00bb\t\t<\/a>\n\n\t\t\t\t<\/div>\n\t\t\t\t<div class=\"elementor-post__meta-data\">\n\t\t\t\t\t<span class=\"elementor-post-date\">\n\t\t\t8 de mar\u00e7o de 2024\t\t<\/span>\n\t\t\t\t<span class=\"elementor-post-avatar\">\n\t\t\tNenhum coment\u00e1rio\t\t<\/span>\n\t\t\t\t<\/div>\n\t\t\t\t\t<\/div>\n\t\t<\/article>\n\t\t\t\t<\/div>\n\t\t\n\t\t\t\t\t\t<\/div>\n\t\t\t\t<\/div>\n\t\t\t\t<div class=\"elementor-element elementor-element-ff8263f elementor-widget elementor-widget-spacer\" data-id=\"ff8263f\" data-element_type=\"widget\" data-e-type=\"widget\" data-widget_type=\"spacer.default\">\n\t\t\t\t<div class=\"elementor-widget-container\">\n\t\t\t\t\t\t\t<div class=\"elementor-spacer\">\n\t\t\t<div class=\"elementor-spacer-inner\"><\/div>\n\t\t<\/div>\n\t\t\t\t\t\t<\/div>\n\t\t\t\t<\/div>\n\t\t\t\t\t<\/div>\n\t\t<\/div>\n\t\t\t\t\t<\/div>\n\t\t<\/section>\n\t\t\t\t<section class=\"elementor-section elementor-top-section elementor-element elementor-element-72da99b elementor-section-boxed elementor-section-height-default elementor-section-height-default\" data-id=\"72da99b\" data-element_type=\"section\" data-e-type=\"section\">\n\t\t\t\t\t\t<div class=\"elementor-container elementor-column-gap-no\">\n\t\t\t\t\t<div class=\"elementor-column elementor-col-100 elementor-top-column elementor-element elementor-element-feb45fb\" data-id=\"feb45fb\" data-element_type=\"column\" data-e-type=\"column\">\n\t\t\t<div class=\"elementor-widget-wrap elementor-element-populated\">\n\t\t\t\t\t\t\t<\/div>\n\t\t<\/div>\n\t\t\t\t\t<\/div>\n\t\t<\/section>\n\t\t\t\t<section class=\"elementor-section elementor-top-section elementor-element elementor-element-7f91b39 elementor-section-boxed elementor-section-height-default elementor-section-height-default\" data-id=\"7f91b39\" data-element_type=\"section\" data-e-type=\"section\">\n\t\t\t\t\t\t<div class=\"elementor-container elementor-column-gap-no\">\n\t\t\t\t\t<div class=\"elementor-column elementor-col-100 elementor-top-column elementor-element elementor-element-a659707\" data-id=\"a659707\" data-element_type=\"column\" data-e-type=\"column\">\n\t\t\t<div class=\"elementor-widget-wrap elementor-element-populated\">\n\t\t\t\t\t\t\t<\/div>\n\t\t<\/div>\n\t\t\t\t\t<\/div>\n\t\t<\/section>\n\t\t\t\t<\/div>\n\t\t","protected":false},"excerpt":{"rendered":"<p>Blog O Blog de Ciberseguran\u00e7a Nosso blog oficial com curiosidades, fatos e sugest\u00f5es para inspirar voc\u00ea em sua jornada nesse mundo incr\u00edvel da CiberSeguran\u00e7a.<\/p>\n","protected":false},"author":3,"featured_media":0,"parent":0,"menu_order":0,"comment_status":"closed","ping_status":"closed","template":"elementor_theme","meta":{"_seopress_robots_primary_cat":"","_seopress_titles_title":"","_seopress_titles_desc":"","_seopress_robots_index":"","footnotes":""},"class_list":["post-9048","page","type-page","status-publish","hentry"],"_links":{"self":[{"href":"https:\/\/www.ogasec.com\/index.php\/wp-json\/wp\/v2\/pages\/9048","targetHints":{"allow":["GET"]}}],"collection":[{"href":"https:\/\/www.ogasec.com\/index.php\/wp-json\/wp\/v2\/pages"}],"about":[{"href":"https:\/\/www.ogasec.com\/index.php\/wp-json\/wp\/v2\/types\/page"}],"author":[{"embeddable":true,"href":"https:\/\/www.ogasec.com\/index.php\/wp-json\/wp\/v2\/users\/3"}],"replies":[{"embeddable":true,"href":"https:\/\/www.ogasec.com\/index.php\/wp-json\/wp\/v2\/comments?post=9048"}],"version-history":[{"count":18,"href":"https:\/\/www.ogasec.com\/index.php\/wp-json\/wp\/v2\/pages\/9048\/revisions"}],"predecessor-version":[{"id":991739,"href":"https:\/\/www.ogasec.com\/index.php\/wp-json\/wp\/v2\/pages\/9048\/revisions\/991739"}],"wp:attachment":[{"href":"https:\/\/www.ogasec.com\/index.php\/wp-json\/wp\/v2\/media?parent=9048"}],"curies":[{"name":"wp","href":"https:\/\/api.w.org\/{rel}","templated":true}]}}