{"id":989855,"date":"2024-02-04T15:15:04","date_gmt":"2024-02-04T18:15:04","guid":{"rendered":"https:\/\/new.ogasec.com\/?page_id=989855"},"modified":"2024-02-22T15:15:45","modified_gmt":"2024-02-22T18:15:45","slug":"atas-de-registro-de-precos-ogasec","status":"publish","type":"page","link":"https:\/\/www.ogasec.com\/index.php\/atas-de-registro-de-precos-ogasec\/","title":{"rendered":"Atas de registro de precos OGASEC"},"content":{"rendered":"\t\t<div data-elementor-type=\"wp-page\" data-elementor-id=\"989855\" class=\"elementor elementor-989855\" data-elementor-post-type=\"page\">\n\t\t\t\t\t\t<section class=\"elementor-section elementor-top-section elementor-element elementor-element-4f934459 elementor-section-height-min-height elementor-section-boxed elementor-section-height-default elementor-section-items-middle\" data-id=\"4f934459\" data-element_type=\"section\" data-e-type=\"section\" data-settings=\"{&quot;background_background&quot;:&quot;classic&quot;}\">\n\t\t\t\t\t\t<div class=\"elementor-container elementor-column-gap-default\">\n\t\t\t\t\t<div class=\"elementor-column elementor-col-100 elementor-top-column elementor-element elementor-element-3fa4901b\" data-id=\"3fa4901b\" data-element_type=\"column\" data-e-type=\"column\">\n\t\t\t<div class=\"elementor-widget-wrap elementor-element-populated\">\n\t\t\t\t\t\t<div class=\"elementor-element elementor-element-6d557e77 animated-slow elementor-invisible elementor-widget elementor-widget-heading\" data-id=\"6d557e77\" data-element_type=\"widget\" data-e-type=\"widget\" data-settings=\"{&quot;_animation&quot;:&quot;fadeIn&quot;,&quot;_animation_tablet&quot;:&quot;none&quot;}\" data-widget_type=\"heading.default\">\n\t\t\t\t<div class=\"elementor-widget-container\">\n\t\t\t\t\t<h2 class=\"elementor-heading-title elementor-size-default\">O nosso foco \u00e9 garantir a seguran\u00e7a da sua empresa<br \/> para que voc\u00ea n\u00e3o precise se preocupar com isso. <\/h2>\t\t\t\t<\/div>\n\t\t\t\t<\/div>\n\t\t\t\t\t<\/div>\n\t\t<\/div>\n\t\t\t\t\t<\/div>\n\t\t<\/section>\n\t\t\t\t<section class=\"elementor-section elementor-top-section elementor-element elementor-element-36a52fd8 elementor-section-boxed elementor-section-height-default elementor-section-height-default\" data-id=\"36a52fd8\" data-element_type=\"section\" data-e-type=\"section\">\n\t\t\t\t\t\t<div class=\"elementor-container elementor-column-gap-default\">\n\t\t\t\t\t<div class=\"elementor-column elementor-col-100 elementor-top-column elementor-element elementor-element-f3d7a8c\" data-id=\"f3d7a8c\" data-element_type=\"column\" data-e-type=\"column\">\n\t\t\t<div class=\"elementor-widget-wrap elementor-element-populated\">\n\t\t\t\t\t\t<div class=\"elementor-element elementor-element-3e4993d2 elementor-widget elementor-widget-spacer\" data-id=\"3e4993d2\" data-element_type=\"widget\" data-e-type=\"widget\" data-widget_type=\"spacer.default\">\n\t\t\t\t<div class=\"elementor-widget-container\">\n\t\t\t\t\t\t\t<div class=\"elementor-spacer\">\n\t\t\t<div class=\"elementor-spacer-inner\"><\/div>\n\t\t<\/div>\n\t\t\t\t\t\t<\/div>\n\t\t\t\t<\/div>\n\t\t\t\t<div class=\"elementor-element elementor-element-3cab4a33 elementor-widget elementor-widget-spacer\" data-id=\"3cab4a33\" data-element_type=\"widget\" data-e-type=\"widget\" data-widget_type=\"spacer.default\">\n\t\t\t\t<div class=\"elementor-widget-container\">\n\t\t\t\t\t\t\t<div class=\"elementor-spacer\">\n\t\t\t<div class=\"elementor-spacer-inner\"><\/div>\n\t\t<\/div>\n\t\t\t\t\t\t<\/div>\n\t\t\t\t<\/div>\n\t\t\t\t<div class=\"elementor-element elementor-element-45c72a27 animated-slow elementor-invisible elementor-widget elementor-widget-heading\" data-id=\"45c72a27\" data-element_type=\"widget\" data-e-type=\"widget\" data-settings=\"{&quot;_animation&quot;:&quot;fadeIn&quot;,&quot;_animation_tablet&quot;:&quot;none&quot;}\" data-widget_type=\"heading.default\">\n\t\t\t\t<div class=\"elementor-widget-container\">\n\t\t\t\t\t<h2 class=\"elementor-heading-title elementor-size-default\">Atas de Registro de Pre\u00e7os<\/h2>\t\t\t\t<\/div>\n\t\t\t\t<\/div>\n\t\t\t\t<div class=\"elementor-element elementor-element-677c31ef animated-slow elementor-invisible elementor-widget elementor-widget-text-editor\" data-id=\"677c31ef\" data-element_type=\"widget\" data-e-type=\"widget\" data-settings=\"{&quot;_animation&quot;:&quot;fadeIn&quot;,&quot;_animation_tablet&quot;:&quot;none&quot;,&quot;_animation_delay&quot;:300}\" data-widget_type=\"text-editor.default\">\n\t\t\t\t<div class=\"elementor-widget-container\">\n\t\t\t\t\t\t\t\t\t<p>Os procedimentos para o registro s\u00e3o iniciados com uma licita\u00e7\u00e3o para escolha dos fornecedores que, depois de homologada pela autoridade competente, \u00e9 seguida pela assinatura da Ata de Registro de Pre\u00e7os.<\/p>\t\t\t\t\t\t\t\t<\/div>\n\t\t\t\t<\/div>\n\t\t\t\t<div class=\"elementor-element elementor-element-56a4edbf elementor-widget elementor-widget-spacer\" data-id=\"56a4edbf\" data-element_type=\"widget\" data-e-type=\"widget\" data-widget_type=\"spacer.default\">\n\t\t\t\t<div class=\"elementor-widget-container\">\n\t\t\t\t\t\t\t<div class=\"elementor-spacer\">\n\t\t\t<div class=\"elementor-spacer-inner\"><\/div>\n\t\t<\/div>\n\t\t\t\t\t\t<\/div>\n\t\t\t\t<\/div>\n\t\t\t\t\t<\/div>\n\t\t<\/div>\n\t\t\t\t\t<\/div>\n\t\t<\/section>\n\t\t\t\t<section class=\"elementor-section elementor-top-section elementor-element elementor-element-10272c9a elementor-section-boxed elementor-section-height-default elementor-section-height-default\" data-id=\"10272c9a\" data-element_type=\"section\" data-e-type=\"section\" data-settings=\"{&quot;animation&quot;:&quot;none&quot;,&quot;animation_tablet&quot;:&quot;none&quot;,&quot;background_background&quot;:&quot;classic&quot;}\">\n\t\t\t\t\t\t<div class=\"elementor-container elementor-column-gap-default\">\n\t\t\t\t\t<div class=\"elementor-column elementor-col-100 elementor-top-column elementor-element elementor-element-7c8e0b55\" data-id=\"7c8e0b55\" data-element_type=\"column\" data-e-type=\"column\" data-settings=\"{&quot;background_background&quot;:&quot;classic&quot;}\">\n\t\t\t<div class=\"elementor-widget-wrap elementor-element-populated\">\n\t\t\t\t\t\t<div class=\"elementor-element elementor-element-3aced9ad elementor-widget elementor-widget-spacer\" data-id=\"3aced9ad\" data-element_type=\"widget\" data-e-type=\"widget\" data-widget_type=\"spacer.default\">\n\t\t\t\t<div class=\"elementor-widget-container\">\n\t\t\t\t\t\t\t<div class=\"elementor-spacer\">\n\t\t\t<div class=\"elementor-spacer-inner\"><\/div>\n\t\t<\/div>\n\t\t\t\t\t\t<\/div>\n\t\t\t\t<\/div>\n\t\t\t\t\t<\/div>\n\t\t<\/div>\n\t\t\t\t\t<\/div>\n\t\t<\/section>\n\t\t\t\t<section class=\"elementor-section elementor-top-section elementor-element elementor-element-48895050 elementor-section-boxed elementor-section-height-default elementor-section-height-default\" data-id=\"48895050\" data-element_type=\"section\" data-e-type=\"section\" data-settings=\"{&quot;animation&quot;:&quot;none&quot;,&quot;animation_tablet&quot;:&quot;none&quot;,&quot;background_background&quot;:&quot;classic&quot;}\">\n\t\t\t\t\t\t<div class=\"elementor-container elementor-column-gap-wider\">\n\t\t\t\t\t<div class=\"elementor-column elementor-col-50 elementor-top-column elementor-element elementor-element-66c09157\" data-id=\"66c09157\" data-element_type=\"column\" data-e-type=\"column\" data-settings=\"{&quot;background_background&quot;:&quot;classic&quot;}\">\n\t\t\t<div class=\"elementor-widget-wrap elementor-element-populated\">\n\t\t\t\t\t\t<div class=\"elementor-element elementor-element-372f2648 elementor-widget elementor-widget-heading\" data-id=\"372f2648\" data-element_type=\"widget\" data-e-type=\"widget\" data-widget_type=\"heading.default\">\n\t\t\t\t<div class=\"elementor-widget-container\">\n\t\t\t\t\t<h4 class=\"elementor-heading-title elementor-size-default\">O que \u00e9 o Sistema Registro de Pre\u00e7os?<\/h4>\t\t\t\t<\/div>\n\t\t\t\t<\/div>\n\t\t\t\t<div class=\"elementor-element elementor-element-3597d25a elementor-widget elementor-widget-text-editor\" data-id=\"3597d25a\" data-element_type=\"widget\" data-e-type=\"widget\" data-widget_type=\"text-editor.default\">\n\t\t\t\t<div class=\"elementor-widget-container\">\n\t\t\t\t\t\t\t\t\t<p>O Sistema de Registro de Pre\u00e7os \u2013 SRP consiste no registro formal de pre\u00e7os para futuras aquisi\u00e7\u00f5es de bens e\/ou servi\u00e7os em situa\u00e7\u00f5es especiais de contrata\u00e7\u00e3o.<\/p><p>Os procedimentos para o registro s\u00e3o iniciados com uma licita\u00e7\u00e3o para escolha dos fornecedores que, depois de homologada pela autoridade competente, \u00e9 seguida pela assinatura da Ata de Registro de Pre\u00e7os. Esse processo tem como vantagens a agilidade e seguran\u00e7a na contrata\u00e7\u00e3o, economia e redu\u00e7\u00e3o do n\u00famero de licita\u00e7\u00f5es. Geralmente \u00e9 utilizado para aquisi\u00e7\u00f5es de materiais, produtos ou g\u00eaneros de consumo cont\u00ednuo e de grande volume e, caso exista a necessidade, de contrata\u00e7\u00f5es frequentes.<\/p><p>O inciso II do art.15 da Lei n\u00ba 8.666\/93, prescreve que as compras, sempre que poss\u00edvel, dever\u00e3o ser processadas atrav\u00e9s de Sistema de Registro de Pre\u00e7os.<\/p><p>Os \u00a7 1\u00ba a 6\u00ba do mesmo dispositivo disp\u00f5em sobre a organiza\u00e7\u00e3o desse sistema.Em 23 de janeiro de 2013, foi publicado o Decreto Federal n\u00ba 7.892\/13, revogando assim o Decreto Federal 3.931\/01 e estabelecendo novas regras para o sistema de registro de pre\u00e7os. A Lei n\u00ba 10.520\/2002 estabelece em seu art.11 que o registro de pre\u00e7os pode ser levado a efeito por interm\u00e9dio de PREG\u00c3O. Aqui voc\u00ea conhecer\u00e1 as Atas de Registros de Pre\u00e7o dispon\u00edveis pela Aker.<\/p>\t\t\t\t\t\t\t\t<\/div>\n\t\t\t\t<\/div>\n\t\t\t\t<div class=\"elementor-element elementor-element-3a60282b elementor-widget elementor-widget-button\" data-id=\"3a60282b\" data-element_type=\"widget\" data-e-type=\"widget\" data-widget_type=\"button.default\">\n\t\t\t\t<div class=\"elementor-widget-container\">\n\t\t\t\t\t\t\t\t\t<div class=\"elementor-button-wrapper\">\n\t\t\t\t\t<a class=\"elementor-button elementor-button-link elementor-size-sm\" href=\"https:\/\/new.ogasec.com\/index.php\/contato\/\">\n\t\t\t\t\t\t<span class=\"elementor-button-content-wrapper\">\n\t\t\t\t\t\t\t\t\t<span class=\"elementor-button-text\">ENTRE EM CONTATO<\/span>\n\t\t\t\t\t<\/span>\n\t\t\t\t\t<\/a>\n\t\t\t\t<\/div>\n\t\t\t\t\t\t\t\t<\/div>\n\t\t\t\t<\/div>\n\t\t\t\t\t<\/div>\n\t\t<\/div>\n\t\t\t\t<div class=\"elementor-column elementor-col-50 elementor-top-column elementor-element elementor-element-9a9d13c\" data-id=\"9a9d13c\" data-element_type=\"column\" data-e-type=\"column\" data-settings=\"{&quot;background_background&quot;:&quot;classic&quot;}\">\n\t\t\t<div class=\"elementor-widget-wrap elementor-element-populated\">\n\t\t\t\t\t\t<div class=\"elementor-element elementor-element-0ef71e1 elementor-widget elementor-widget-heading\" data-id=\"0ef71e1\" data-element_type=\"widget\" data-e-type=\"widget\" data-widget_type=\"heading.default\">\n\t\t\t\t<div class=\"elementor-widget-container\">\n\t\t\t\t\t<h4 class=\"elementor-heading-title elementor-size-default\">O que \u00e9 o Sistema Registro de Pre\u00e7os?<\/h4>\t\t\t\t<\/div>\n\t\t\t\t<\/div>\n\t\t\t\t<div class=\"elementor-element elementor-element-606ccfe elementor-widget elementor-widget-text-editor\" data-id=\"606ccfe\" data-element_type=\"widget\" data-e-type=\"widget\" data-widget_type=\"text-editor.default\">\n\t\t\t\t<div class=\"elementor-widget-container\">\n\t\t\t\t\t\t\t\t\t<p>No documento anexo, mencionamos informa\u00e7\u00f5es relevantes ao processo de Registro de Pre\u00e7os realizado pela Federa\u00e7\u00e3o das Ind\u00fastrias do Estado do Mato Grosso \u2013 FIEMT, para contrata\u00e7\u00e3o de empresa especializada no fornecimento de solu\u00e7\u00e3o integrada composta de hardware e software para arquitetura de seguran\u00e7a de acesso a rede de dados. \u2013 Solu\u00e7\u00e3o de Firewall UTM (Unified Threat Management), licenciamento, manuten\u00e7\u00e3o preventiva, corretiva, evolutiva e upgrade tecnol\u00f3gico do software Aker Firewall, visando o aprimoramento da seguran\u00e7a da informa\u00e7\u00e3o no Sistema FIEMT, com dura\u00e7\u00e3o de at\u00e9 12 (doze) meses.<\/p>\t\t\t\t\t\t\t\t<\/div>\n\t\t\t\t<\/div>\n\t\t\t\t<div class=\"elementor-element elementor-element-86ce27d elementor-widget elementor-widget-button\" data-id=\"86ce27d\" data-element_type=\"widget\" data-e-type=\"widget\" data-widget_type=\"button.default\">\n\t\t\t\t<div class=\"elementor-widget-container\">\n\t\t\t\t\t\t\t\t\t<div class=\"elementor-button-wrapper\">\n\t\t\t\t\t<a class=\"elementor-button elementor-button-link elementor-size-sm\" href=\"https:\/\/new.ogasec.com\/index.php\/contato\/\">\n\t\t\t\t\t\t<span class=\"elementor-button-content-wrapper\">\n\t\t\t\t\t\t\t\t\t<span class=\"elementor-button-text\">ENTRE EM CONTATO<\/span>\n\t\t\t\t\t<\/span>\n\t\t\t\t\t<\/a>\n\t\t\t\t<\/div>\n\t\t\t\t\t\t\t\t<\/div>\n\t\t\t\t<\/div>\n\t\t\t\t\t<\/div>\n\t\t<\/div>\n\t\t\t\t\t<\/div>\n\t\t<\/section>\n\t\t\t\t<\/div>\n\t\t","protected":false},"excerpt":{"rendered":"<p>O nosso foco \u00e9 garantir a seguran\u00e7a da sua empresa para que voc\u00ea n\u00e3o precise se preocupar com isso. Atas de Registro de Pre\u00e7os Os procedimentos para o registro s\u00e3o iniciados com uma licita\u00e7\u00e3o para escolha dos fornecedores que, depois de homologada pela autoridade competente, \u00e9 seguida pela assinatura da Ata de Registro de Pre\u00e7os. [&hellip;]<\/p>\n","protected":false},"author":3,"featured_media":0,"parent":0,"menu_order":0,"comment_status":"closed","ping_status":"closed","template":"elementor_theme","meta":{"_seopress_robots_primary_cat":"","_seopress_titles_title":"","_seopress_titles_desc":"","_seopress_robots_index":"","footnotes":""},"class_list":["post-989855","page","type-page","status-publish","hentry"],"_links":{"self":[{"href":"https:\/\/www.ogasec.com\/index.php\/wp-json\/wp\/v2\/pages\/989855","targetHints":{"allow":["GET"]}}],"collection":[{"href":"https:\/\/www.ogasec.com\/index.php\/wp-json\/wp\/v2\/pages"}],"about":[{"href":"https:\/\/www.ogasec.com\/index.php\/wp-json\/wp\/v2\/types\/page"}],"author":[{"embeddable":true,"href":"https:\/\/www.ogasec.com\/index.php\/wp-json\/wp\/v2\/users\/3"}],"replies":[{"embeddable":true,"href":"https:\/\/www.ogasec.com\/index.php\/wp-json\/wp\/v2\/comments?post=989855"}],"version-history":[{"count":12,"href":"https:\/\/www.ogasec.com\/index.php\/wp-json\/wp\/v2\/pages\/989855\/revisions"}],"predecessor-version":[{"id":991027,"href":"https:\/\/www.ogasec.com\/index.php\/wp-json\/wp\/v2\/pages\/989855\/revisions\/991027"}],"wp:attachment":[{"href":"https:\/\/www.ogasec.com\/index.php\/wp-json\/wp\/v2\/media?parent=989855"}],"curies":[{"name":"wp","href":"https:\/\/api.w.org\/{rel}","templated":true}]}}