{"id":991231,"date":"2024-02-23T11:15:39","date_gmt":"2024-02-23T14:15:39","guid":{"rendered":"https:\/\/new.ogasec.com\/?page_id=991231"},"modified":"2024-02-23T11:17:08","modified_gmt":"2024-02-23T14:17:08","slug":"case-grupo-frialto","status":"publish","type":"page","link":"https:\/\/www.ogasec.com\/index.php\/casos-de-sucesso\/case-grupo-frialto\/","title":{"rendered":"Case GRUPO FRIALTO"},"content":{"rendered":"\t\t<div data-elementor-type=\"wp-page\" data-elementor-id=\"991231\" class=\"elementor elementor-991231\" data-elementor-post-type=\"page\">\n\t\t\t\t\t\t<section class=\"elementor-section elementor-top-section elementor-element elementor-element-7323c76 elementor-section-height-min-height elementor-section-boxed elementor-section-height-default elementor-section-items-middle\" data-id=\"7323c76\" data-element_type=\"section\" data-e-type=\"section\" data-settings=\"{&quot;background_background&quot;:&quot;classic&quot;}\">\n\t\t\t\t\t\t<div class=\"elementor-container elementor-column-gap-default\">\n\t\t\t\t\t<div class=\"elementor-column elementor-col-100 elementor-top-column elementor-element elementor-element-3fea17d7\" data-id=\"3fea17d7\" data-element_type=\"column\" data-e-type=\"column\">\n\t\t\t<div class=\"elementor-widget-wrap elementor-element-populated\">\n\t\t\t\t\t\t<div class=\"elementor-element elementor-element-400a7d6e animated-slow elementor-invisible elementor-widget elementor-widget-heading\" data-id=\"400a7d6e\" data-element_type=\"widget\" data-e-type=\"widget\" data-settings=\"{&quot;_animation&quot;:&quot;fadeIn&quot;,&quot;_animation_tablet&quot;:&quot;none&quot;}\" data-widget_type=\"heading.default\">\n\t\t\t\t<div class=\"elementor-widget-container\">\n\t\t\t\t\t<h2 class=\"elementor-heading-title elementor-size-default\">Cases de Sucesso<\/h2>\t\t\t\t<\/div>\n\t\t\t\t<\/div>\n\t\t\t\t\t<\/div>\n\t\t<\/div>\n\t\t\t\t\t<\/div>\n\t\t<\/section>\n\t\t\t\t<section class=\"elementor-section elementor-top-section elementor-element elementor-element-220bee elementor-section-boxed elementor-section-height-default elementor-section-height-default\" data-id=\"220bee\" data-element_type=\"section\" data-e-type=\"section\">\n\t\t\t\t\t\t<div class=\"elementor-container elementor-column-gap-default\">\n\t\t\t\t\t<div class=\"elementor-column elementor-col-100 elementor-top-column elementor-element elementor-element-260f76f7\" data-id=\"260f76f7\" data-element_type=\"column\" data-e-type=\"column\">\n\t\t\t<div class=\"elementor-widget-wrap elementor-element-populated\">\n\t\t\t\t\t\t<div class=\"elementor-element elementor-element-4ee935fb elementor-widget elementor-widget-spacer\" data-id=\"4ee935fb\" data-element_type=\"widget\" data-e-type=\"widget\" data-widget_type=\"spacer.default\">\n\t\t\t\t<div class=\"elementor-widget-container\">\n\t\t\t\t\t\t\t<div class=\"elementor-spacer\">\n\t\t\t<div class=\"elementor-spacer-inner\"><\/div>\n\t\t<\/div>\n\t\t\t\t\t\t<\/div>\n\t\t\t\t<\/div>\n\t\t\t\t<div class=\"elementor-element elementor-element-7d457e13 elementor-icon-list--layout-inline elementor-list-item-link-full_width elementor-widget elementor-widget-icon-list\" data-id=\"7d457e13\" data-element_type=\"widget\" data-e-type=\"widget\" data-widget_type=\"icon-list.default\">\n\t\t\t\t<div class=\"elementor-widget-container\">\n\t\t\t\t\t\t\t<ul class=\"elementor-icon-list-items elementor-inline-items\">\n\t\t\t\t\t\t\t<li class=\"elementor-icon-list-item elementor-inline-item\">\n\t\t\t\t\t\t\t\t\t\t\t<a href=\"https:\/\/new.ogasec.com\/\">\n\n\t\t\t\t\t\t\t\t\t\t\t<span class=\"elementor-icon-list-text\">Home<\/span>\n\t\t\t\t\t\t\t\t\t\t\t<\/a>\n\t\t\t\t\t\t\t\t\t<\/li>\n\t\t\t\t\t\t\t\t<li class=\"elementor-icon-list-item elementor-inline-item\">\n\t\t\t\t\t\t\t\t\t\t\t<a href=\"https:\/\/new.ogasec.com\/index.php\/casos-de-sucesso\/\">\n\n\t\t\t\t\t\t\t\t\t\t\t\t<span class=\"elementor-icon-list-icon\">\n\t\t\t\t\t\t\t<svg aria-hidden=\"true\" class=\"e-font-icon-svg e-fas-angle-right\" viewBox=\"0 0 256 512\" xmlns=\"http:\/\/www.w3.org\/2000\/svg\"><path d=\"M224.3 273l-136 136c-9.4 9.4-24.6 9.4-33.9 0l-22.6-22.6c-9.4-9.4-9.4-24.6 0-33.9l96.4-96.4-96.4-96.4c-9.4-9.4-9.4-24.6 0-33.9L54.3 103c9.4-9.4 24.6-9.4 33.9 0l136 136c9.5 9.4 9.5 24.6.1 34z\"><\/path><\/svg>\t\t\t\t\t\t<\/span>\n\t\t\t\t\t\t\t\t\t\t<span class=\"elementor-icon-list-text\">Cases de Sucesso<\/span>\n\t\t\t\t\t\t\t\t\t\t\t<\/a>\n\t\t\t\t\t\t\t\t\t<\/li>\n\t\t\t\t\t\t\t\t<li class=\"elementor-icon-list-item elementor-inline-item\">\n\t\t\t\t\t\t\t\t\t\t\t<span class=\"elementor-icon-list-icon\">\n\t\t\t\t\t\t\t<svg aria-hidden=\"true\" class=\"e-font-icon-svg e-fas-angle-right\" viewBox=\"0 0 256 512\" xmlns=\"http:\/\/www.w3.org\/2000\/svg\"><path d=\"M224.3 273l-136 136c-9.4 9.4-24.6 9.4-33.9 0l-22.6-22.6c-9.4-9.4-9.4-24.6 0-33.9l96.4-96.4-96.4-96.4c-9.4-9.4-9.4-24.6 0-33.9L54.3 103c9.4-9.4 24.6-9.4 33.9 0l136 136c9.5 9.4 9.5 24.6.1 34z\"><\/path><\/svg>\t\t\t\t\t\t<\/span>\n\t\t\t\t\t\t\t\t\t\t<span class=\"elementor-icon-list-text\">Case CASE GRUPO FRIALTO<\/span>\n\t\t\t\t\t\t\t\t\t<\/li>\n\t\t\t\t\t\t<\/ul>\n\t\t\t\t\t\t<\/div>\n\t\t\t\t<\/div>\n\t\t\t\t<div class=\"elementor-element elementor-element-67cfc855 elementor-widget elementor-widget-spacer\" data-id=\"67cfc855\" data-element_type=\"widget\" data-e-type=\"widget\" data-widget_type=\"spacer.default\">\n\t\t\t\t<div class=\"elementor-widget-container\">\n\t\t\t\t\t\t\t<div class=\"elementor-spacer\">\n\t\t\t<div class=\"elementor-spacer-inner\"><\/div>\n\t\t<\/div>\n\t\t\t\t\t\t<\/div>\n\t\t\t\t<\/div>\n\t\t\t\t<div class=\"elementor-element elementor-element-69810cbe animated-slow elementor-invisible elementor-widget elementor-widget-heading\" data-id=\"69810cbe\" data-element_type=\"widget\" data-e-type=\"widget\" data-settings=\"{&quot;_animation&quot;:&quot;fadeIn&quot;,&quot;_animation_tablet&quot;:&quot;none&quot;}\" data-widget_type=\"heading.default\">\n\t\t\t\t<div class=\"elementor-widget-container\">\n\t\t\t\t\t<h2 class=\"elementor-heading-title elementor-size-default\">Case GRUPO FRIALTO<\/h2>\t\t\t\t<\/div>\n\t\t\t\t<\/div>\n\t\t\t\t<div class=\"elementor-element elementor-element-537724af animated-slow elementor-invisible elementor-widget elementor-widget-text-editor\" data-id=\"537724af\" data-element_type=\"widget\" data-e-type=\"widget\" data-settings=\"{&quot;_animation&quot;:&quot;fadeIn&quot;,&quot;_animation_tablet&quot;:&quot;none&quot;,&quot;_animation_delay&quot;:300}\" data-widget_type=\"text-editor.default\">\n\t\t\t\t<div class=\"elementor-widget-container\">\n\t\t\t\t\t\t\t\t\t<p><strong>O CLIENTE<\/strong><br \/>Com mais de 17 anos de atua\u00e7\u00e3o no mercado, o Grupo Frialto trabalha nos ramos frigor\u00edfico, de transporte, de confinamento e de distribui\u00e7\u00e3o. A empresa est\u00e1\u00a0presente em cinco estados brasileiros e no exterior, j\u00e1 que investe tamb\u00e9m em exporta\u00e7\u00e3o. Atualmente, sua capacidade de abate chega a 4.050 animais\/dia,\u00a0produzindo mais de 60 tipos de cortes de carne, dos tradicionais aos mais nobres.<\/p><p><strong>OS DESAFIOS<\/strong><br \/>O Grupo utilizava uma solu\u00e7\u00e3o de seguran\u00e7a contratada como servi\u00e7o e baseada em software livre, que n\u00e3o dispunha de todos os recursos necess\u00e1rios para atender \u00e0s demandas da empresa.\u00a0A administra\u00e7\u00e3o da solu\u00e7\u00e3o era feita de forma compartilhada entre a equipe de TI da Frialto e o prestador de servi\u00e7os, assim o tempo de resposta \u00e0s necessidades de mudan\u00e7a e novas implementa\u00e7\u00f5es era alto e impactava no neg\u00f3cio.\u00a0Al\u00e9m disso, a empresa precisava aumentar a disponibilidade dos servi\u00e7os e sistemas corporativos, j\u00e1 que a indisponibilidade afetava os processos de produ\u00e7\u00e3o e faturamento.\u00a0<\/p><p>Era necess\u00e1rio ainda controlar melhor o acesso \u00e0 Internet, implementar perfis de acesso por departamento, customizar relat\u00f3rios, assim como administrar e monitorar todos os firewalls do Grupo de forma r\u00e1pida e centralizada.\u00a0Por fim, era preciso prover acesso seguro de terceiros \u00e0 rede da empresa por meio da Internet; detectar e reagir a ataques externos e internos; garantir a integridade dos dados e proteger a rede de v\u00edrus, trojans e softwares maliciosos.<\/p><p><strong>A SOLU\u00c7\u00c3O<\/strong><br \/>A TIC TI, revenda de produtos e servi\u00e7os Aker situada em Lucas do Rio Verde \u2013 MT, apresentou ao Grupo Frialto o Aker Firewall UTM em 2012. O projeto que implementou a solu\u00e7\u00e3o trouxe \u00e0 empresa uma s\u00e9rie de melhorias em sua infraestrutura tecnol\u00f3gica, tais como: balanceamento de links e servidores; prioriza\u00e7\u00e3o de servi\u00e7os corporativos, com pol\u00edticas de QoS por departamento e perfil de usu\u00e1rio; restaura\u00e7\u00e3o r\u00e1pida dos servi\u00e7os em caso de falhas; controle e filtragem dos acessos \u00e0 Internet, de acordo com o perfil dos usu\u00e1rios; emiss\u00e3o autom\u00e1tica de relat\u00f3rios por departamento; administra\u00e7\u00e3o centralizada de todos os firewalls por meio de interface gr\u00e1fica amig\u00e1vel e em portugu\u00eas; identifica\u00e7\u00e3o dos usu\u00e1rios utilizando credenciais pr\u00f3prias integradas com o controlador de dom\u00ednio; controle dos acessos externos atrav\u00e9s de VPN com criptografia forte e prote\u00e7\u00e3o contra v\u00edrus, trojans e softwares maliciosos vindos da Internet.<\/p><p><strong>OS RESULTADOS<\/strong><br \/>Por meio de uma parceria entre a operadora Oi, a Aker e o Grupo Frialto, a nova solu\u00e7\u00e3o foi contratada junto com os links de dados na modalidade de Link Seguro. Desta forma, a operadora passou a fornecer os links com firewall, instala\u00e7\u00e3o e suporte t\u00e9cnico. Com o projeto de implanta\u00e7\u00e3o do Aker Firewall houve tamb\u00e9m o aumento da produtividade na empresa, em fun\u00e7\u00e3o do uso racional dos recursos de Internet. Acrescenta-se, ainda, \u00e0 lista de benef\u00edcios o acesso seguro aos sistemas.\u00a0Todas as unidades do Grupo passaram a ser atendidas pela solu\u00e7\u00e3o de seguran\u00e7a, que prov\u00ea alta disponibilidade de acesso aos sistemas e disp\u00f5e de uma ger\u00eancia centralizada.<\/p><p>Para fazer download do documento em PDF\u00a0<a href=\"https:\/\/ogasec.com\/s\/2013_2014_TICTI_Frialto.pdf\" target=\"_blank\" rel=\"noopener\">clique aqui<\/a>.<\/p>\t\t\t\t\t\t\t\t<\/div>\n\t\t\t\t<\/div>\n\t\t\t\t<div class=\"elementor-element elementor-element-682a6721 elementor-widget elementor-widget-spacer\" data-id=\"682a6721\" data-element_type=\"widget\" data-e-type=\"widget\" data-widget_type=\"spacer.default\">\n\t\t\t\t<div class=\"elementor-widget-container\">\n\t\t\t\t\t\t\t<div class=\"elementor-spacer\">\n\t\t\t<div class=\"elementor-spacer-inner\"><\/div>\n\t\t<\/div>\n\t\t\t\t\t\t<\/div>\n\t\t\t\t<\/div>\n\t\t\t\t\t<\/div>\n\t\t<\/div>\n\t\t\t\t\t<\/div>\n\t\t<\/section>\n\t\t\t\t<\/div>\n\t\t","protected":false},"excerpt":{"rendered":"<p>Cases de Sucesso Home Cases de Sucesso Case CASE GRUPO FRIALTO Case GRUPO FRIALTO O CLIENTECom mais de 17 anos de atua\u00e7\u00e3o no mercado, o Grupo Frialto trabalha nos ramos frigor\u00edfico, de transporte, de confinamento e de distribui\u00e7\u00e3o. A empresa est\u00e1\u00a0presente em cinco estados brasileiros e no exterior, j\u00e1 que investe tamb\u00e9m em exporta\u00e7\u00e3o. Atualmente, [&hellip;]<\/p>\n","protected":false},"author":3,"featured_media":0,"parent":989193,"menu_order":0,"comment_status":"closed","ping_status":"closed","template":"","meta":{"_seopress_robots_primary_cat":"","_seopress_titles_title":"","_seopress_titles_desc":"","_seopress_robots_index":"","footnotes":""},"class_list":["post-991231","page","type-page","status-publish","hentry"],"_links":{"self":[{"href":"https:\/\/www.ogasec.com\/index.php\/wp-json\/wp\/v2\/pages\/991231","targetHints":{"allow":["GET"]}}],"collection":[{"href":"https:\/\/www.ogasec.com\/index.php\/wp-json\/wp\/v2\/pages"}],"about":[{"href":"https:\/\/www.ogasec.com\/index.php\/wp-json\/wp\/v2\/types\/page"}],"author":[{"embeddable":true,"href":"https:\/\/www.ogasec.com\/index.php\/wp-json\/wp\/v2\/users\/3"}],"replies":[{"embeddable":true,"href":"https:\/\/www.ogasec.com\/index.php\/wp-json\/wp\/v2\/comments?post=991231"}],"version-history":[{"count":4,"href":"https:\/\/www.ogasec.com\/index.php\/wp-json\/wp\/v2\/pages\/991231\/revisions"}],"predecessor-version":[{"id":991239,"href":"https:\/\/www.ogasec.com\/index.php\/wp-json\/wp\/v2\/pages\/991231\/revisions\/991239"}],"up":[{"embeddable":true,"href":"https:\/\/www.ogasec.com\/index.php\/wp-json\/wp\/v2\/pages\/989193"}],"wp:attachment":[{"href":"https:\/\/www.ogasec.com\/index.php\/wp-json\/wp\/v2\/media?parent=991231"}],"curies":[{"name":"wp","href":"https:\/\/api.w.org\/{rel}","templated":true}]}}