{"id":991243,"date":"2024-02-23T11:18:43","date_gmt":"2024-02-23T14:18:43","guid":{"rendered":"https:\/\/new.ogasec.com\/?page_id=991243"},"modified":"2024-02-23T11:21:14","modified_gmt":"2024-02-23T14:21:14","slug":"case-berneck","status":"publish","type":"page","link":"https:\/\/www.ogasec.com\/index.php\/casos-de-sucesso\/case-berneck\/","title":{"rendered":"Case BERNECK"},"content":{"rendered":"\t\t<div data-elementor-type=\"wp-page\" data-elementor-id=\"991243\" class=\"elementor elementor-991243\" data-elementor-post-type=\"page\">\n\t\t\t\t\t\t<section class=\"elementor-section elementor-top-section elementor-element elementor-element-57604417 elementor-section-height-min-height elementor-section-boxed elementor-section-height-default elementor-section-items-middle\" data-id=\"57604417\" data-element_type=\"section\" data-e-type=\"section\" data-settings=\"{&quot;background_background&quot;:&quot;classic&quot;}\">\n\t\t\t\t\t\t<div class=\"elementor-container elementor-column-gap-default\">\n\t\t\t\t\t<div class=\"elementor-column elementor-col-100 elementor-top-column elementor-element elementor-element-52f144f5\" data-id=\"52f144f5\" data-element_type=\"column\" data-e-type=\"column\">\n\t\t\t<div class=\"elementor-widget-wrap elementor-element-populated\">\n\t\t\t\t\t\t<div class=\"elementor-element elementor-element-155675f0 animated-slow elementor-invisible elementor-widget elementor-widget-heading\" data-id=\"155675f0\" data-element_type=\"widget\" data-e-type=\"widget\" data-settings=\"{&quot;_animation&quot;:&quot;fadeIn&quot;,&quot;_animation_tablet&quot;:&quot;none&quot;}\" data-widget_type=\"heading.default\">\n\t\t\t\t<div class=\"elementor-widget-container\">\n\t\t\t\t\t<h2 class=\"elementor-heading-title elementor-size-default\">Cases de Sucesso<\/h2>\t\t\t\t<\/div>\n\t\t\t\t<\/div>\n\t\t\t\t\t<\/div>\n\t\t<\/div>\n\t\t\t\t\t<\/div>\n\t\t<\/section>\n\t\t\t\t<section class=\"elementor-section elementor-top-section elementor-element elementor-element-65bdcd7a elementor-section-boxed elementor-section-height-default elementor-section-height-default\" data-id=\"65bdcd7a\" data-element_type=\"section\" data-e-type=\"section\">\n\t\t\t\t\t\t<div class=\"elementor-container elementor-column-gap-default\">\n\t\t\t\t\t<div class=\"elementor-column elementor-col-100 elementor-top-column elementor-element elementor-element-52a63bd2\" data-id=\"52a63bd2\" data-element_type=\"column\" data-e-type=\"column\">\n\t\t\t<div class=\"elementor-widget-wrap elementor-element-populated\">\n\t\t\t\t\t\t<div class=\"elementor-element elementor-element-33c0225a elementor-widget elementor-widget-spacer\" data-id=\"33c0225a\" data-element_type=\"widget\" data-e-type=\"widget\" data-widget_type=\"spacer.default\">\n\t\t\t\t<div class=\"elementor-widget-container\">\n\t\t\t\t\t\t\t<div class=\"elementor-spacer\">\n\t\t\t<div class=\"elementor-spacer-inner\"><\/div>\n\t\t<\/div>\n\t\t\t\t\t\t<\/div>\n\t\t\t\t<\/div>\n\t\t\t\t<div class=\"elementor-element elementor-element-68f88a88 elementor-icon-list--layout-inline elementor-list-item-link-full_width elementor-widget elementor-widget-icon-list\" data-id=\"68f88a88\" data-element_type=\"widget\" data-e-type=\"widget\" data-widget_type=\"icon-list.default\">\n\t\t\t\t<div class=\"elementor-widget-container\">\n\t\t\t\t\t\t\t<ul class=\"elementor-icon-list-items elementor-inline-items\">\n\t\t\t\t\t\t\t<li class=\"elementor-icon-list-item elementor-inline-item\">\n\t\t\t\t\t\t\t\t\t\t\t<a href=\"https:\/\/new.ogasec.com\/\">\n\n\t\t\t\t\t\t\t\t\t\t\t<span class=\"elementor-icon-list-text\">Home<\/span>\n\t\t\t\t\t\t\t\t\t\t\t<\/a>\n\t\t\t\t\t\t\t\t\t<\/li>\n\t\t\t\t\t\t\t\t<li class=\"elementor-icon-list-item elementor-inline-item\">\n\t\t\t\t\t\t\t\t\t\t\t<a href=\"https:\/\/new.ogasec.com\/index.php\/casos-de-sucesso\/\">\n\n\t\t\t\t\t\t\t\t\t\t\t\t<span class=\"elementor-icon-list-icon\">\n\t\t\t\t\t\t\t<svg aria-hidden=\"true\" class=\"e-font-icon-svg e-fas-angle-right\" viewBox=\"0 0 256 512\" xmlns=\"http:\/\/www.w3.org\/2000\/svg\"><path d=\"M224.3 273l-136 136c-9.4 9.4-24.6 9.4-33.9 0l-22.6-22.6c-9.4-9.4-9.4-24.6 0-33.9l96.4-96.4-96.4-96.4c-9.4-9.4-9.4-24.6 0-33.9L54.3 103c9.4-9.4 24.6-9.4 33.9 0l136 136c9.5 9.4 9.5 24.6.1 34z\"><\/path><\/svg>\t\t\t\t\t\t<\/span>\n\t\t\t\t\t\t\t\t\t\t<span class=\"elementor-icon-list-text\">Cases de Sucesso<\/span>\n\t\t\t\t\t\t\t\t\t\t\t<\/a>\n\t\t\t\t\t\t\t\t\t<\/li>\n\t\t\t\t\t\t\t\t<li class=\"elementor-icon-list-item elementor-inline-item\">\n\t\t\t\t\t\t\t\t\t\t\t<span class=\"elementor-icon-list-icon\">\n\t\t\t\t\t\t\t<svg aria-hidden=\"true\" class=\"e-font-icon-svg e-fas-angle-right\" viewBox=\"0 0 256 512\" xmlns=\"http:\/\/www.w3.org\/2000\/svg\"><path d=\"M224.3 273l-136 136c-9.4 9.4-24.6 9.4-33.9 0l-22.6-22.6c-9.4-9.4-9.4-24.6 0-33.9l96.4-96.4-96.4-96.4c-9.4-9.4-9.4-24.6 0-33.9L54.3 103c9.4-9.4 24.6-9.4 33.9 0l136 136c9.5 9.4 9.5 24.6.1 34z\"><\/path><\/svg>\t\t\t\t\t\t<\/span>\n\t\t\t\t\t\t\t\t\t\t<span class=\"elementor-icon-list-text\">Case BERNECK<\/span>\n\t\t\t\t\t\t\t\t\t<\/li>\n\t\t\t\t\t\t<\/ul>\n\t\t\t\t\t\t<\/div>\n\t\t\t\t<\/div>\n\t\t\t\t<div class=\"elementor-element elementor-element-698ab7b3 elementor-widget elementor-widget-spacer\" data-id=\"698ab7b3\" data-element_type=\"widget\" data-e-type=\"widget\" data-widget_type=\"spacer.default\">\n\t\t\t\t<div class=\"elementor-widget-container\">\n\t\t\t\t\t\t\t<div class=\"elementor-spacer\">\n\t\t\t<div class=\"elementor-spacer-inner\"><\/div>\n\t\t<\/div>\n\t\t\t\t\t\t<\/div>\n\t\t\t\t<\/div>\n\t\t\t\t<div class=\"elementor-element elementor-element-2ea6ef23 animated-slow elementor-invisible elementor-widget elementor-widget-heading\" data-id=\"2ea6ef23\" data-element_type=\"widget\" data-e-type=\"widget\" data-settings=\"{&quot;_animation&quot;:&quot;fadeIn&quot;,&quot;_animation_tablet&quot;:&quot;none&quot;}\" data-widget_type=\"heading.default\">\n\t\t\t\t<div class=\"elementor-widget-container\">\n\t\t\t\t\t<h2 class=\"elementor-heading-title elementor-size-default\">Case CASE BERNECK<\/h2>\t\t\t\t<\/div>\n\t\t\t\t<\/div>\n\t\t\t\t<div class=\"elementor-element elementor-element-134275a animated-slow elementor-invisible elementor-widget elementor-widget-text-editor\" data-id=\"134275a\" data-element_type=\"widget\" data-e-type=\"widget\" data-settings=\"{&quot;_animation&quot;:&quot;fadeIn&quot;,&quot;_animation_tablet&quot;:&quot;none&quot;,&quot;_animation_delay&quot;:300}\" data-widget_type=\"text-editor.default\">\n\t\t\t\t<div class=\"elementor-widget-container\">\n\t\t\t\t\t\t\t\t\t<p><strong>O CLIENTE<\/strong><br \/>A Berneck tem mais de meio s\u00e9culo de hist\u00f3ria, com ra\u00edzes no Paran\u00e1. Hoje a empresa \u00e9 refer\u00eancia nacional em pain\u00e9is MDP, MDF, HDF e madeira serrada de pinus e teca. Com um parque fabril de alt\u00edssima capacidade produtiva e tecnologia de \u00faltima gera\u00e7\u00e3o, oferece produtos com padr\u00e3o de qualidade internacional. Assim, abastece as ind\u00fastrias de m\u00f3veis, constru\u00e7\u00e3o civil, automotiva, eletroeletr\u00f4nica, naval, dentre outras, no Brasil e no mundo.<\/p><p><strong>OS DESAFIOS<\/strong><br \/>Era preciso melhorar o controle e a seguran\u00e7a do acesso \u00e0 rede administrativa e \u00e0s redes industriais; suprir a necessidade de redund\u00e2ncia de conectividade com as unidades remotas atrav\u00e9s de balanceamento de link e de comunica\u00e7\u00e3o VPN; e facilitar o acesso a fornecedores de diversas localidades que prestavam servi\u00e7os utilizando o ambiente virtual.<\/p><p><strong>A SOLU\u00c7\u00c3O<\/strong><br \/>A Aker e a Softwall desenvolveram um projeto de interliga\u00e7\u00e3o das plantas industriais da Berneck, implementando o appliance do Aker Firewall com os m\u00f3dulos de subscription (IDS\/IPS e Aker Web Content Analyzer) e o Aker Antivirus Module. O Aker Firewall foi posicionado de forma a segmentar a infraestrutura do cliente em redes administrativas e redes industriais. Houve uma divis\u00e3o entre firewalls departamentais e firewall core, dessa forma, foi poss\u00edvel melhorar a seguran\u00e7a e o controle de acesso a diversos sistemas, evitando que problemas operacionais de rede ou poss\u00edveis infesta\u00e7\u00f5es de malwares fossem disseminados em segmentos diferentes.<\/p><p>Criou-se, ainda, regras bem definidas para cada firewall de departamento, proporcionando um n\u00edvel de seguran\u00e7a complementar tanto para o acesso \u00e0 Internet, com o controle de conte\u00fado e o antiv\u00edrus, como para o acesso remoto liberado aos fornecedores por meio do Secure Roaming, com o qual o gestor do departamento consegue definir o que ser\u00e1 liberado, quando e por quanto tempo o fornecedor ter\u00e1 acesso.<\/p><p>O Aker Firewall tamb\u00e9m possibilitou a gest\u00e3o centralizada e simplificada da conectividade entre as unidades remotas. Isso porque, com o gerenciamento centralizado, as unidades ganharam links de Internet ADSL para proporcionar redund\u00e2ncia de acesso \u00e0 Internet e de conectividade com a unidade central, atrav\u00e9s de acessos VPNs balanceados entre os links.<\/p><p><strong>OS RESULTADOS<\/strong><br \/>O projeto trouxe para a empresa uma rotina automatizada e bem definida para o acesso remoto por meio do Secure Roaming. Com a implanta\u00e7\u00e3o de pol\u00edticas de acesso, foi criado um manual de instru\u00e7\u00f5es de configura\u00e7\u00e3o do acesso, sendo o gestor do departamento respons\u00e1vel por orientar seus fornecedores, o qual possui a\u00e7\u00f5es restritas no ambiente remoto. Dessa forma, foi poss\u00edvel reduzir a carga na \u00e1rea de Infraestrutura de Inform\u00e1tica (Suporte) da institui\u00e7\u00e3o.Outro benef\u00edcio trazido pela conex\u00e3o Secure Roaming foi a possibilidade do Supervisor de Automa\u00e7\u00e3o ter acesso direto \u00e0 linha de produ\u00e7\u00e3o em caso de problemas, reduzindo o downtime da f\u00e1brica. Al\u00e9m disso, agora os fornecedores internacionais n\u00e3o necessitam mais viajar do pa\u00eds de origem para a planta da Berneck, o que representou diminui\u00e7\u00e3o no custo de implementa\u00e7\u00e3o e suporte das plantas industriais.<\/p><p>E os resultados positivos do projeto n\u00e3o param por a\u00ed. Houve tamb\u00e9m melhorias na gest\u00e3o de links e na conectividade com as unidades remotas, j\u00e1 que, com a facilidade e agilidade no monitoramento, o tempo de depura\u00e7\u00e3o de paradas dos links foi reduzido.<\/p><p>Por fim, foi atingido um maior n\u00edvel de seguran\u00e7a com os m\u00f3dulos de IDS\/IPS e antiv\u00edrus instalados nos departamentos. O resultado disso foi a atenua\u00e7\u00e3o de problemas corriqueiros nas esta\u00e7\u00f5es e tamb\u00e9m a redu\u00e7\u00e3o de carga no Departamento de Suporte.<\/p><p>Atualmente, a empresa possui na matriz firewalls em cluster, denominados Firewall Core, e mais tr\u00eas firewalls departamentais. Em outra unidade remota com mesma complexidade, possui firewalls em cluster e dois firewalls departamentais. As demais unidades remotas agregam cinco firewalls posicionados de forma a garantir a comunica\u00e7\u00e3o com a matriz por meio de VPNs. No total, o cliente disp\u00f5e de 12 firewalls implementados, com proje\u00e7\u00e3o de crescimento em 2014 de mais 5 firewalls para novas unidades e departamentos.<\/p><p>\u201c\u00c9 um projeto inovador que exigiu a interliga\u00e7\u00e3o e interdepend\u00eancia entre estruturas de redes administrativas e industriais. Como o modelo se mostrou funcional e rent\u00e1vel, tornou-se um padr\u00e3o obrigat\u00f3rio para todas as linhas e unidades de produ\u00e7\u00e3o da Berneck. Por conta disso, a Aker e a Softwall passaram a ocupar um lugar de destaque entre nossos principais fornecedores, dadas a essencialidade do produto e a qualidade do atendimento que oferecem\u201d, comenta Jeferson Kadowaki, Gestor de Infraestrutura de Inform\u00e1tica da Berneck.<\/p><p>Para fazer download do documento em PDF\u00a0<a href=\"https:\/\/ogasec.com\/s\/2013_2014_Softwall_Berneck.pdf\" target=\"_blank\" rel=\"noopener\">clique aqui<\/a>.<\/p>\t\t\t\t\t\t\t\t<\/div>\n\t\t\t\t<\/div>\n\t\t\t\t<div class=\"elementor-element elementor-element-5cde6065 elementor-widget elementor-widget-spacer\" data-id=\"5cde6065\" data-element_type=\"widget\" data-e-type=\"widget\" data-widget_type=\"spacer.default\">\n\t\t\t\t<div class=\"elementor-widget-container\">\n\t\t\t\t\t\t\t<div class=\"elementor-spacer\">\n\t\t\t<div class=\"elementor-spacer-inner\"><\/div>\n\t\t<\/div>\n\t\t\t\t\t\t<\/div>\n\t\t\t\t<\/div>\n\t\t\t\t\t<\/div>\n\t\t<\/div>\n\t\t\t\t\t<\/div>\n\t\t<\/section>\n\t\t\t\t<\/div>\n\t\t","protected":false},"excerpt":{"rendered":"<p>Cases de Sucesso Home Cases de Sucesso Case BERNECK Case CASE BERNECK O CLIENTEA Berneck tem mais de meio s\u00e9culo de hist\u00f3ria, com ra\u00edzes no Paran\u00e1. Hoje a empresa \u00e9 refer\u00eancia nacional em pain\u00e9is MDP, MDF, HDF e madeira serrada de pinus e teca. Com um parque fabril de alt\u00edssima capacidade produtiva e tecnologia de [&hellip;]<\/p>\n","protected":false},"author":3,"featured_media":0,"parent":989193,"menu_order":0,"comment_status":"closed","ping_status":"closed","template":"","meta":{"_seopress_robots_primary_cat":"","_seopress_titles_title":"","_seopress_titles_desc":"","_seopress_robots_index":"","footnotes":""},"class_list":["post-991243","page","type-page","status-publish","hentry"],"_links":{"self":[{"href":"https:\/\/www.ogasec.com\/index.php\/wp-json\/wp\/v2\/pages\/991243","targetHints":{"allow":["GET"]}}],"collection":[{"href":"https:\/\/www.ogasec.com\/index.php\/wp-json\/wp\/v2\/pages"}],"about":[{"href":"https:\/\/www.ogasec.com\/index.php\/wp-json\/wp\/v2\/types\/page"}],"author":[{"embeddable":true,"href":"https:\/\/www.ogasec.com\/index.php\/wp-json\/wp\/v2\/users\/3"}],"replies":[{"embeddable":true,"href":"https:\/\/www.ogasec.com\/index.php\/wp-json\/wp\/v2\/comments?post=991243"}],"version-history":[{"count":4,"href":"https:\/\/www.ogasec.com\/index.php\/wp-json\/wp\/v2\/pages\/991243\/revisions"}],"predecessor-version":[{"id":991250,"href":"https:\/\/www.ogasec.com\/index.php\/wp-json\/wp\/v2\/pages\/991243\/revisions\/991250"}],"up":[{"embeddable":true,"href":"https:\/\/www.ogasec.com\/index.php\/wp-json\/wp\/v2\/pages\/989193"}],"wp:attachment":[{"href":"https:\/\/www.ogasec.com\/index.php\/wp-json\/wp\/v2\/media?parent=991243"}],"curies":[{"name":"wp","href":"https:\/\/api.w.org\/{rel}","templated":true}]}}